{"id":356,"date":"2026-03-16T19:40:00","date_gmt":"2026-03-16T18:40:00","guid":{"rendered":"https:\/\/wiesengrund-ev.de\/?page_id=356"},"modified":"2026-03-16T19:42:39","modified_gmt":"2026-03-16T18:42:39","slug":"lage-anfahrt","status":"publish","type":"page","link":"https:\/\/wiesengrund-ev.de\/?page_id=356","title":{"rendered":"Lage &#038; Anfahrt"},"content":{"rendered":"\n<p>Um zu unserer Kleingartenanlage zu gelangen, gibt es verschiedene M\u00f6glichkeiten. Nutze gern die \u00f6ffentlichen Verkehrsmitteln. Zu uns f\u00fchrt wahlweie die Linie 12 oder 14. Steige in diesem Fall an der Haltestelle Kongresshalle aus.<\/p>\n\n\n\n<p>Zu fu\u00df, mit dem Rad oder sonstigen Verkehrsmitteln, fahre aus Richtung Innenstadt kommend, an der Schweriner Sport und Kongresshalle vorbei in Richtung Neum\u00fchle.<\/p>\n\n\n\n<p>In der Senke biege hinter der Fu\u00dfg\u00e4ngerinsel links ab. Du kommst nun direkt auf die Anlage zu. Zur Orientierung vor Ort hilft die folgende Karte weiter. Auf dieser ist unser Vereinshaus markiert, welches sich inmitten der Anlage befindet.<\/p>\n\n\n\n<hr class=\"wp-block-separator has-alpha-channel-opacity\" style=\"margin-top:var(--wp--preset--spacing--40);margin-bottom:var(--wp--preset--spacing--40)\"\/>\n\n\n\n<div class=\"wp-block-buttons is-layout-flex wp-block-buttons-is-layout-flex\">\n<div class=\"wp-block-button\"><a class=\"wp-block-button__link wp-element-button\" href=\"https:\/\/www.openstreetmap.de\/karte\/?zoom=18&amp;lat=53.62508&amp;lon=11.38379&amp;layers=B00TF\" target=\"_blank\" rel=\"noreferrer noopener nofollow\">Auf OpenSteetMap Deutschland anzeigen<\/a><\/div>\n<\/div>\n","protected":false},"excerpt":{"rendered":"<p>Um zu unserer Kleingartenanlage zu gelangen, gibt es verschiedene M\u00f6glichkeiten. Nutze gern die \u00f6ffentlichen Verkehrsmitteln. Zu uns f\u00fchrt wahlweie die Linie 12 oder 14. Steige in diesem Fall an der Haltestelle Kongresshalle aus. Zu fu\u00df, mit dem Rad oder sonstigen Verkehrsmitteln, fahre aus Richtung Innenstadt kommend, an der Schweriner Sport und Kongresshalle vorbei in Richtung [&hellip;]<\/p>\n","protected":false},"author":1,"featured_media":0,"parent":0,"menu_order":0,"comment_status":"closed","ping_status":"closed","template":"","meta":{"footnotes":""},"class_list":["post-356","page","type-page","status-publish","hentry"],"_links":{"self":[{"href":"https:\/\/wiesengrund-ev.de\/index.php?rest_route=\/wp\/v2\/pages\/356","targetHints":{"allow":["GET"]}}],"collection":[{"href":"https:\/\/wiesengrund-ev.de\/index.php?rest_route=\/wp\/v2\/pages"}],"about":[{"href":"https:\/\/wiesengrund-ev.de\/index.php?rest_route=\/wp\/v2\/types\/page"}],"author":[{"embeddable":true,"href":"https:\/\/wiesengrund-ev.de\/index.php?rest_route=\/wp\/v2\/users\/1"}],"replies":[{"embeddable":true,"href":"https:\/\/wiesengrund-ev.de\/index.php?rest_route=%2Fwp%2Fv2%2Fcomments&post=356"}],"version-history":[{"count":3,"href":"https:\/\/wiesengrund-ev.de\/index.php?rest_route=\/wp\/v2\/pages\/356\/revisions"}],"predecessor-version":[{"id":360,"href":"https:\/\/wiesengrund-ev.de\/index.php?rest_route=\/wp\/v2\/pages\/356\/revisions\/360"}],"wp:attachment":[{"href":"https:\/\/wiesengrund-ev.de\/index.php?rest_route=%2Fwp%2Fv2%2Fmedia&parent=356"}],"curies":[{"name":"wp","href":"https:\/\/api.w.org\/{rel}","templated":true}]}}