{"id":271,"date":"2026-03-16T18:29:43","date_gmt":"2026-03-16T17:29:43","guid":{"rendered":"https:\/\/wiesengrund-ev.de\/?page_id=271"},"modified":"2026-03-16T21:19:20","modified_gmt":"2026-03-16T20:19:20","slug":"freie-gaerten","status":"publish","type":"page","link":"https:\/\/wiesengrund-ev.de\/?page_id=271","title":{"rendered":"Freie G\u00e4rten"},"content":{"rendered":"\n<div class=\"wp-block-query is-layout-flow wp-block-query-is-layout-flow\">\n<p>Vielen Dank f\u00fcr dein Interesse an einem Garten in unserer Kleingartenanlage, welche sich im Herzen der Mecklenburgischen Landeshauptstadt Schwerin befindet.<\/p>\n\n\n\n\n\n\n<div class=\"wp-block-query-no-results\">\n\n<p>Aktuell haben wir keine freien G\u00e4rten, welche von uns oder unseren P\u00e4chterinnen und P\u00e4chtern \u00fcber unsere Seite angeboten werden. Schaue daher auch gern in den bekannten Kleinanzeigeportalen vorbei.<\/p>\n\n<\/div><\/div>\n\n\n\n<hr class=\"wp-block-separator has-alpha-channel-opacity\" style=\"margin-top:var(--wp--preset--spacing--40);margin-bottom:var(--wp--preset--spacing--40)\"\/>\n\n\n\n<h2 class=\"wp-block-heading\">Wichtige Informationen f\u00fcr Interessierte<\/h2>\n\n\n\n<p><a href=\"https:\/\/wiesengrund-ev.de\/?p=318\" data-type=\"link\" data-id=\"https:\/\/wiesengrund-ev.de\/?p=318\">Welche Kosten kommen auf mich zu, wenn ich einen Garten pachte?<\/a><\/p>\n\n\n\n<p><a href=\"https:\/\/wiesengrund-ev.de\/?p=299\" data-type=\"link\" data-id=\"https:\/\/wiesengrund-ev.de\/?p=299\">Ich m\u00f6chte einen Garten pachten. Was muss ich tun?<\/a><\/p>\n","protected":false},"excerpt":{"rendered":"<p>Wichtige Informationen f\u00fcr Interessierte Welche Kosten kommen auf mich zu, wenn ich einen Garten pachte? Ich m\u00f6chte einen Garten pachten. Was muss ich tun?<\/p>\n","protected":false},"author":1,"featured_media":0,"parent":0,"menu_order":0,"comment_status":"closed","ping_status":"closed","template":"","meta":{"footnotes":""},"class_list":["post-271","page","type-page","status-publish","hentry"],"_links":{"self":[{"href":"https:\/\/wiesengrund-ev.de\/index.php?rest_route=\/wp\/v2\/pages\/271","targetHints":{"allow":["GET"]}}],"collection":[{"href":"https:\/\/wiesengrund-ev.de\/index.php?rest_route=\/wp\/v2\/pages"}],"about":[{"href":"https:\/\/wiesengrund-ev.de\/index.php?rest_route=\/wp\/v2\/types\/page"}],"author":[{"embeddable":true,"href":"https:\/\/wiesengrund-ev.de\/index.php?rest_route=\/wp\/v2\/users\/1"}],"replies":[{"embeddable":true,"href":"https:\/\/wiesengrund-ev.de\/index.php?rest_route=%2Fwp%2Fv2%2Fcomments&post=271"}],"version-history":[{"count":6,"href":"https:\/\/wiesengrund-ev.de\/index.php?rest_route=\/wp\/v2\/pages\/271\/revisions"}],"predecessor-version":[{"id":405,"href":"https:\/\/wiesengrund-ev.de\/index.php?rest_route=\/wp\/v2\/pages\/271\/revisions\/405"}],"wp:attachment":[{"href":"https:\/\/wiesengrund-ev.de\/index.php?rest_route=%2Fwp%2Fv2%2Fmedia&parent=271"}],"curies":[{"name":"wp","href":"https:\/\/api.w.org\/{rel}","templated":true}]}}

Freie Gärten

<div class="wp-block-query is-layout-flow wp-block-query-is-layout-flow">
<p>Vielen Dank für dein Interesse an einem Garten in unserer Kleingartenanlage, welche sich im Herzen der Mecklenburgischen Landeshauptstadt Schwerin befindet.</p>






<div class="wp-block-query-no-results">

<p>Aktuell haben wir keine freien Gärten, welche von uns oder unseren Pächterinnen und Pächtern über unsere Seite angeboten werden. Schaue daher auch gern in den bekannten Kleinanzeigeportalen vorbei.</p>

</div></div>



<hr class="wp-block-separator has-alpha-channel-opacity" style="margin-top:var(--wp--preset--spacing--40);margin-bottom:var(--wp--preset--spacing--40)"/>



<h2 class="wp-block-heading">Wichtige Informationen für Interessierte</h2>



<p><a href="https://wiesengrund-ev.de/?p=318" data-type="link" data-id="https://wiesengrund-ev.de/?p=318">Welche Kosten kommen auf mich zu, wenn ich einen Garten pachte?</a></p>



<p><a href="https://wiesengrund-ev.de/?p=299" data-type="link" data-id="https://wiesengrund-ev.de/?p=299">Ich möchte einen Garten pachten. Was muss ich tun?</a></p>

<p>Wichtige Informationen für Interessierte Welche Kosten kommen auf mich zu, wenn ich einen Garten pachte? Ich möchte einen Garten pachten. Was muss ich tun?</p>
