{"id":25,"date":"2026-03-05T18:10:39","date_gmt":"2026-03-05T17:10:39","guid":{"rendered":"https:\/\/wiesengrund-ev.de\/wp-wiesengrund-ev\/?page_id=25"},"modified":"2026-03-15T19:10:55","modified_gmt":"2026-03-15T18:10:55","slug":"ueber-uns","status":"publish","type":"page","link":"https:\/\/wiesengrund-ev.de\/?page_id=25","title":{"rendered":"\u00dcber uns"},"content":{"rendered":"\n<div class=\"wp-block-columns is-layout-flex wp-container-core-columns-is-layout-28f84493 wp-block-columns-is-layout-flex\">\n<div class=\"wp-block-column is-layout-flow wp-block-column-is-layout-flow\" style=\"flex-basis:100%\">\n<p>Willkommen in unserer Kleingartenanlage, welche sich im Herzen der Mecklenburgischen Landeshauptstadt Schwerin befindet.<\/p>\n\n\n\n<p><\/p>\n\n\n\n<p>Seit unserer Gr\u00fcndung z\u00e4hlen wir mit unseren rund 120 Kleing\u00e4rten zu einer der gr\u00f6\u00dferen Kleingartenanlagen Schwerins.<\/p>\n\n\n\n<p><\/p>\n\n\n\n<p>Idyllisch unterhalb der Schweriner Sport- und Kongresshalle und an den Ostorfer See angrenzend gelegen, finden unsere Vereinsmitglieder hier einen Ort, der gleicherma\u00dfen zum G\u00e4rtnern, wie zum Verweilen einl\u00e4dt.<\/p>\n\n\n\n<p><\/p>\n\n\n\n<p>Auch touristisch ist unser Verein gut gelegen. So f\u00fchrt der Hamburg-R\u00fcgen-Radweg direkt an unserer Anlage vorbei. Die ebenfalls angrenzende Badestelle l\u00e4dt an hei\u00dfen Sommertagen den ein oder anderen zu einem erfrischenden Bad ein.<\/p>\n\n\n\n<p><\/p>\n\n\n\n<p>Wichtige Versorgungspunkte und Ausflugsziele sind fu\u00dfl\u00e4ufig gut erreichbar:<\/p>\n\n\n\n<p><\/p>\n\n\n\n<ul class=\"wp-block-list\">\n<li style=\"margin-top:var(--wp--preset--spacing--20);margin-bottom:var(--wp--preset--spacing--20)\">Apotheke: 0,9 km (13 Minuten Fu\u00dfweg)<\/li>\n\n\n\n<li style=\"margin-top:var(--wp--preset--spacing--20);margin-bottom:var(--wp--preset--spacing--20)\">\u00c4rztehaus: 0,9 km (13 Minuten Fu\u00dfweg)<\/li>\n\n\n\n<li style=\"margin-top:var(--wp--preset--spacing--20);margin-bottom:var(--wp--preset--spacing--20)\">B\u00e4cker: 0,9 km (13 Minuten Fu\u00dfweg)<\/li>\n\n\n\n<li style=\"margin-top:var(--wp--preset--spacing--20);margin-bottom:var(--wp--preset--spacing--20)\">Kino: 2,3 km (31 Minuten Fu\u00dfweg)<\/li>\n\n\n\n<li style=\"margin-top:var(--wp--preset--spacing--20);margin-bottom:var(--wp--preset--spacing--20)\">Stadtzentrum: 2,3 km (31 Minuten Fu\u00dfweg)<\/li>\n\n\n\n<li style=\"margin-top:var(--wp--preset--spacing--20);margin-bottom:var(--wp--preset--spacing--20)\">Supermarkt: 1,2 km (16 Minuten Fu\u00dfweg)<\/li>\n\n\n\n<li style=\"margin-top:var(--wp--preset--spacing--20);margin-bottom:var(--wp--preset--spacing--20)\">Theater: 2,8 km (34 Minuten Fu\u00dfweg)<\/li>\n<\/ul>\n<\/div>\n<\/div>\n","protected":false},"excerpt":{"rendered":"<p>Willkommen in unserer Kleingartenanlage, welche sich im Herzen der Mecklenburgischen Landeshauptstadt Schwerin befindet. Seit unserer Gr\u00fcndung z\u00e4hlen wir mit unseren rund 120 Kleing\u00e4rten zu einer der gr\u00f6\u00dferen Kleingartenanlagen Schwerins. Idyllisch unterhalb der Schweriner Sport- und Kongresshalle und an den Ostorfer See angrenzend gelegen, finden unsere Vereinsmitglieder hier einen Ort, der gleicherma\u00dfen zum G\u00e4rtnern, wie zum [&hellip;]<\/p>\n","protected":false},"author":1,"featured_media":0,"parent":0,"menu_order":0,"comment_status":"closed","ping_status":"closed","template":"","meta":{"footnotes":""},"class_list":["post-25","page","type-page","status-publish","hentry"],"_links":{"self":[{"href":"https:\/\/wiesengrund-ev.de\/index.php?rest_route=\/wp\/v2\/pages\/25","targetHints":{"allow":["GET"]}}],"collection":[{"href":"https:\/\/wiesengrund-ev.de\/index.php?rest_route=\/wp\/v2\/pages"}],"about":[{"href":"https:\/\/wiesengrund-ev.de\/index.php?rest_route=\/wp\/v2\/types\/page"}],"author":[{"embeddable":true,"href":"https:\/\/wiesengrund-ev.de\/index.php?rest_route=\/wp\/v2\/users\/1"}],"replies":[{"embeddable":true,"href":"https:\/\/wiesengrund-ev.de\/index.php?rest_route=%2Fwp%2Fv2%2Fcomments&post=25"}],"version-history":[{"count":3,"href":"https:\/\/wiesengrund-ev.de\/index.php?rest_route=\/wp\/v2\/pages\/25\/revisions"}],"predecessor-version":[{"id":189,"href":"https:\/\/wiesengrund-ev.de\/index.php?rest_route=\/wp\/v2\/pages\/25\/revisions\/189"}],"wp:attachment":[{"href":"https:\/\/wiesengrund-ev.de\/index.php?rest_route=%2Fwp%2Fv2%2Fmedia&parent=25"}],"curies":[{"name":"wp","href":"https:\/\/api.w.org\/{rel}","templated":true}]}}

Über uns

<div class="wp-block-columns is-layout-flex wp-container-core-columns-is-layout-28f84493 wp-block-columns-is-layout-flex">
<div class="wp-block-column is-layout-flow wp-block-column-is-layout-flow" style="flex-basis:100%">
<p>Willkommen in unserer Kleingartenanlage, welche sich im Herzen der Mecklenburgischen Landeshauptstadt Schwerin befindet.</p>



<p></p>



<p>Seit unserer Gründung zählen wir mit unseren rund 120 Kleingärten zu einer der größeren Kleingartenanlagen Schwerins.</p>



<p></p>



<p>Idyllisch unterhalb der Schweriner Sport- und Kongresshalle und an den Ostorfer See angrenzend gelegen, finden unsere Vereinsmitglieder hier einen Ort, der gleichermaßen zum Gärtnern, wie zum Verweilen einlädt.</p>



<p></p>



<p>Auch touristisch ist unser Verein gut gelegen. So führt der Hamburg-Rügen-Radweg direkt an unserer Anlage vorbei. Die ebenfalls angrenzende Badestelle lädt an heißen Sommertagen den ein oder anderen zu einem erfrischenden Bad ein.</p>



<p></p>



<p>Wichtige Versorgungspunkte und Ausflugsziele sind fußläufig gut erreichbar:</p>



<p></p>



<ul class="wp-block-list">
<li style="margin-top:var(--wp--preset--spacing--20);margin-bottom:var(--wp--preset--spacing--20)">Apotheke: 0,9 km (13 Minuten Fußweg)</li>



<li style="margin-top:var(--wp--preset--spacing--20);margin-bottom:var(--wp--preset--spacing--20)">Ärztehaus: 0,9 km (13 Minuten Fußweg)</li>



<li style="margin-top:var(--wp--preset--spacing--20);margin-bottom:var(--wp--preset--spacing--20)">Bäcker: 0,9 km (13 Minuten Fußweg)</li>



<li style="margin-top:var(--wp--preset--spacing--20);margin-bottom:var(--wp--preset--spacing--20)">Kino: 2,3 km (31 Minuten Fußweg)</li>



<li style="margin-top:var(--wp--preset--spacing--20);margin-bottom:var(--wp--preset--spacing--20)">Stadtzentrum: 2,3 km (31 Minuten Fußweg)</li>



<li style="margin-top:var(--wp--preset--spacing--20);margin-bottom:var(--wp--preset--spacing--20)">Supermarkt: 1,2 km (16 Minuten Fußweg)</li>



<li style="margin-top:var(--wp--preset--spacing--20);margin-bottom:var(--wp--preset--spacing--20)">Theater: 2,8 km (34 Minuten Fußweg)</li>
</ul>
</div>
</div>

<p>Willkommen in unserer Kleingartenanlage, welche sich im Herzen der Mecklenburgischen Landeshauptstadt Schwerin befindet. Seit unserer Gründung zählen wir mit unseren rund 120 Kleingärten zu einer der größeren Kleingartenanlagen Schwerins. Idyllisch unterhalb der Schweriner Sport- und Kongresshalle und an den Ostorfer See angrenzend gelegen, finden unsere Vereinsmitglieder hier einen Ort, der gleichermaßen zum Gärtnern, wie zum [&hellip;]</p>
